 the units digit of m?
2
Let g be -4 + (14 - (1 + 6)). Let u be (-10)/60 - 1/(-6). Suppose u = g*a + 3*a - 1056. What is the hundreds digit of a?
1
What is the thousands digit of -21*150/(-210)*(-8756)/(-6)?
1
Let c(s) = -2038*s + 291. Let p be c(-23). Suppose 35*d + 14370 = p. What is the tens digit of d?
3
Let z(o) = -2*o + 15. Let c be z(7). Let g = 2 + c. Suppose -3*x + 3*r + 22 + 41 = 0, -3*r = g*x - 45. What is the tens digit of x?
1
Let x = -425 - -592. Suppose -x*b = -175*b + 4008. What is the tens digit of b?
0
Suppose -6782 = -2*y - 4*k, 5*y + 3*k - 9 = 16960. What is the units digit of y?
5
Let v = -340 - -349. Suppose -v*f + 10*f = 384. What is the units digit of f?
4
Suppose 180*a - 20 = 175*a. What is the units digit of 10811/76*a*1?
9
Suppose 3*o + k - 13 = 0, k + 50 = 5*o - 3*k. Let y = -29 + o. What is the tens digit of (y/(-2))/(4/8)?
2
Let k = 9432 + 12642. What is the hundreds digit of k?
0
What is the thousands digit of (-456)/(-7524) - 65734/(-33)?
1
Let i be (114/(-24))/(1/(-4)). Let h = 26 - i. Suppose 4*z - 32 = 2*l, 3 = 2*z + 2*l - h. What is the units digit of z?
7
Suppose 10*u - 4*u - 18 = 0. Let x(y) = 53*y**2 + 14*y - 4. Let w be x(u). Suppose -2*t = 2*i - 5*t - 206, -5*i + w = -5*t. What is the units digit of i?
3
Let o(x) be the third derivative of -83*x**6/120 - x**5/60 + x**4/12 + x**3 - 56*x**2. What is the tens digit of o(-2)?
6
Suppose -5*t = 5*r - 55, 5*t + 0 = r + 31. Suppose t*a - 715 + 92 = 0. Let x = 194 - a. What is the hundreds digit of x?
1
Suppose y = -8*y - 13*y + 275880. What is the tens digit of y?
4
What is the ten thousands digit of (24 - -65375) + -24*1?
6
Let u be ((-2)/8)/(-3 - (-786)/264). Suppose 2196 = -8*d + u*d. What is the hundreds digit of d?
7
Let m be (12/(-10))/((-3)/(-10)). Suppose 5*v + 42*b = 45*b - 46, 3*b = -5*v - 34. What is the tens digit of m/(v/(-354)*18/(-12))?
1
Let h(b) be the third derivative of b**4/12 + 3*b**3 - 7*b**2. Let w be h(-8). Suppose 0*v = w*v + 4*y - 56, 4*v - 2*y = 82. What is the tens digit of v?
2
Suppose 2*k - 3*k + 2 = 0. Let a be 6/(4*k/6260). What is the tens digit of a/60 + (-1)/4?
7
Let b be 6/(-4)*192/(-72). Suppose 4*r + 3 = -2*p - 5, 2 = b*p + 2*r. Let j = 61 + p. What is the units digit of j?
3
Let d = 14550 + -3988. What is the units digit of d?
2
What is the hundreds digit of (298/(-6))/(6/9 - 1)?
1
Let s = -1495 - -976. Let c = s - -779. What is the hundreds digit of c?
2
Let y = -14 - -16. Suppose i + 19 = 5*h, -h + 14 = -y*i + h. What is the units digit of ((-11)/i)/((-3)/(-84))?
7
Let g(l) = 3528*l**2 + 272*l + 273. What is the units digit of g(-1)?
9
Suppose 5*g - 196 = -4*f + 11561, -13*f + 38331 = -g. What is the hundreds digit of f?
9
Let h = -1711 + 7740. What is the thousands digit of h?
6
Let q(o) = 5*o**3 + 14*o**2 + 9*o + 6. Let r(k) = -11*k**3 - 30*k**2 - 20*k - 13. Let g(j) = -13*q(j) - 6*r(j). What is the units digit of g(3)?
8
Suppose 0 = -202*d + 241*d - 227760. What is the units digit of d?
0
Suppose 18971 + 15018 = 18*s - 7501. What is the hundreds digit of s?
3
Let l = -334 - 196. Let h = -1040 - -708. Let f = h - l. What is the units digit of f?
8
Let z(t) = -2*t + 13. Suppose -24 = -2*u + 5*s, -4*s + 5 = 3*u - 8. Let q be z(u). Let o(h) = -157*h - 3. What is the units digit of o(q)?
4
Suppose 4*p + 3*c = 22221, 5*c - 22389 = -4*p - 178. What is the hundreds digit of p?
5
Suppose -3*a = -5*r - 1395 - 1563, -5*r = a - 1026. What is the hundreds digit of a?
9
Let i = -28 - -31. Suppose -i*p = -2*p - 4. Suppose p - 8 = -v. What is the units digit of v?
4
Let g(a) = -4*a**3 - 9*a**2 + 19*a - 32. Let k(q) = 11*q**3 + 28*q**2 - 56*q + 95. Let w(p) = 8*g(p) + 3*k(p). What is the hundreds digit of w(-12)?
2
Let n(f) be the first derivative of 5*f**2/2 + 2*f - 20. Let a be n(17). Suppose 0 = 4*d - a - 37. What is the units digit of d?
1
Suppose 4*m - s - 12 = -2*s, 3*s = 3*m + 6. Suppose 0*a = -m*a + 34. What is the units digit of (a/5 + -1)/((-31)/(-1240))?
6
Suppose -6528 = 6*i - 22*i. Suppose i = 22*u - 4476. What is the units digit of u?
2
Suppose -5*a - c + 161 - 384 = 0, -88 = 2*a + c. Let l = 45 + a. Suppose l = -2*z + 1 + 17. What is the units digit of z?
9
Let y(b) = 3270*b**2 + 10*b + 3. What is the hundreds digit of y(-2)?
0
Suppose c + 242 - 93 = 0. Suppose 0 = 2*r - m + 235, 2*r = 2*m + 45 - 281. Let z = r - c. What is the units digit of z?
2
Let x be (-12)/(-8)*-1*(0 - 2). Suppose 3*l = 9, -x*l + 8*l = -5*b + 15. Let n(g) = g**2 - g + 86. What is the units digit of n(b)?
6
Suppose s = -2, -2*o = 2*o + 4*s - 168. Let y = -264 - -265. What is the units digit of (o - (3 - 0))/y?
1
Let c = 23860 + -15981. What is the units digit of c?
9
Let v = -404 + 919. Let p = v - 106. What is the hundreds digit of p?
4
Let y be -1*0/(-5 + 3). Suppose -4*n = 2*k - 28, -8*k + 4*k = y. Suppose -432 = -n*w - w. What is the units digit of w?
4
Suppose 79669 - 10509 = 95*m. What is the tens digit of m?
2
Suppose 4*z = 5*i - 3, 5*i - 15*z = -18*z + 24. What is the tens digit of (1*21/(-14))/(i/(-1242))?
2
Let a = 210 - 205. Suppose -a*x + 185 = -2245. What is the hundreds digit of x?
4
Let p = 1554 - -2091. What is the tens digit of p?
4
Let u = 30828 + -22723. What is the thousands digit of u?
8
Let r = 72747 + -28529. What is the ten thousands digit of r?
4
Let y = -6604 - -11919. What is the units digit of y?
5
Let b = 1647 - -288. What is the tens digit of b?
3
Let v(c) = -2*c**3 - 28*c**2 - 7. Let w be v(-14). Let b(s) = -136*s + 40. What is the tens digit of b(w)?
9
Suppose -1 = m + 3*p - 12, -2*m - 3*p + 7 = 0. Let k be (m/(-6))/((-4)/(-7602)). Suppose -301 = 6*s - k. What is the tens digit of s?
6
Let t(i) = 3*i + 38. Let k be t(-10). Suppose -13*f = -k*f - 4410. Suppose -5*o - d = -f, 0 = 4*o + 5*d - 3*d - 708. What is the tens digit of o?
7
What is the tens digit of (-9)/6*19/(684/(-450744))?
8
Let u = 441 + -293. Suppose 1961 = -150*s - 1039. Let o = s + u. What is the tens digit of o?
2
Let r(t) = -43*t**2 - 29*t + 37. Let k(s) = -14*s**2 - 10*s + 13. Let o(v) = 11*k(v) - 4*r(v). What is the units digit of o(3)?
5
Let d(y) = -2*y**3 - 5*y**2 + 22*y + 19. Let u be d(-8). Suppose 548*c = u*c + 158. What is the hundreds digit of c?
1
What is the thousands digit of 930986/112 - 6/16?
8
Suppose -27*z + 44 = -37. Suppose s + 7*d - 445 = z*d, 5*s + 3*d = 2208. What is the hundreds digit of s?
4
Let u(g) = 809*g**3 + 2*g**2 - 17. What is the units digit of u(3)?
4
Suppose 5*u = -4*c + 3*c + 4, 16 = 4*c + 2*u. Suppose -671 = -c*a + 2*a - h, -1679 = -5*a - h. What is the tens digit of a?
3
Suppose 1106*r + 125825 = 561*r + 552*r. What is the hundreds digit of r?
9
Let u be -31*(-10 - (-5)/1). What is the units digit of 64542/u - 6/(-10)?
7
Let x = 3289 + 1205. What is the units digit of x?
4
Let p(g) = g + 7. Let t be p(-4). Let l(r) = 2*r - 2. Let a be l(t). Suppose 5 = m + a*m. What is the units digit of m?
1
Let j = 34315 - -6830. What is the hundreds digit of j?
1
Suppose 73378 = -x + x + 19*x. What is the hundreds digit of x?
8
Let p(r) = r. Let n be p(2). Suppose -399 - 251 = -n*v. Suppose -2*x + 7*x - v = 0. What is the units digit of x?
5
Let w be 213/(-9) - 8/(-12). Let r = 445 + w. What is the hundreds digit of r?
4
Suppose 5*g + 77 = 82. Let n be (g - -185)*(-12)/(-8). Suppose -6*p + 1167 = n. What is the tens digit of p?
4
Let o(g) = 17*g**2 - 28*g - 20. Let b be o(-8). Let t = b + -541. What is the tens digit of t?
5
Suppose 4*w = 23*w - 57. Suppose w*c - 2*d - 779 = 3*d, d - 1054 = -4*c. What is the units digit of c?
3
Suppose -190 = -9*g + 116. Let l = g - -31. Suppose 2*q - l = 139. What is the tens digit of q?
0
Suppose -v = -3*q - 4*v - 5751, 0 = 4*q + 3*v + 7670. Let y = -1265 - q. What is the units digit of y?
4
Suppose 0 = c - 3700 - 3516. What is the units digit of c?
6
Suppose 0 = -m - 7*k + 2*k - 7, -2*m = 3*k - 7. Suppose -m + 200 = 4*t - 4*w, 4*t + 3*w - 227 = 0. What is the units digit of t?
3
Let o(i) = i**3 + 13*i**2 - i - 8. Suppose 0 = 2*z - 5*b + 42, -2*z + 2*b - 14 - 34 = 0. Let n = z - -13. What is the units digit of o(n)?
5
Let d = 24078 + -5873. What is the units digit of d?
5
Let p be (-5)/(-45)*137 - (-4)/(-18). Let x = 21 - p. Let i = x - -73. What is the tens digit of i?
7
Suppose -4*r = -4